{"id":306,"date":"2024-09-13T16:40:20","date_gmt":"2024-09-13T14:40:20","guid":{"rendered":"https:\/\/lmc-17.fr\/?page_id=306"},"modified":"2024-09-13T17:52:52","modified_gmt":"2024-09-13T15:52:52","slug":"bourse-18-fevrier-2024","status":"publish","type":"page","link":"https:\/\/lmc-17.fr\/?page_id=306","title":{"rendered":"Bourse 18 F\u00e9vrier 2024"},"content":{"rendered":"\n<p style=\"font-size:25px\"><strong>Notre bourse du 18 f\u00e9vrier 2024 a connu un succ\u00e8s exceptionnel, le nombre d&rsquo;exposants a atteint un nouveau record et d\u00e9pass\u00e9 les 400 visiteurs. Le nombre de boursiers s&rsquo;est accru et a consacr\u00e9 la part croissante du \u00ab\u00a0ferroviaire\u00a0\u00bb.<\/strong><\/p>\n\n\n\n<div class=\"wp-block-jetpack-slideshow aligncenter\" data-effect=\"slide\"><div class=\"wp-block-jetpack-slideshow_container swiper-container\"><ul class=\"wp-block-jetpack-slideshow_swiper-wrapper swiper-wrapper\"><li class=\"wp-block-jetpack-slideshow_slide swiper-slide\"><figure><img loading=\"lazy\" decoding=\"async\" width=\"985\" height=\"739\" alt=\"\" class=\"wp-block-jetpack-slideshow_image wp-image-346\" data-id=\"346\" src=\"https:\/\/lmc-17.fr\/wp-content\/uploads\/2024\/09\/cache_16192003-5.jpg\" srcset=\"https:\/\/lmc-17.fr\/wp-content\/uploads\/2024\/09\/cache_16192003-5.jpg 985w, https:\/\/lmc-17.fr\/wp-content\/uploads\/2024\/09\/cache_16192003-5-300x225.jpg 300w, https:\/\/lmc-17.fr\/wp-content\/uploads\/2024\/09\/cache_16192003-5-768x576.jpg 768w, https:\/\/lmc-17.fr\/wp-content\/uploads\/2024\/09\/cache_16192003-5-200x150.jpg 200w\" sizes=\"(max-width: 985px) 100vw, 985px\" \/><\/figure><\/li><li class=\"wp-block-jetpack-slideshow_slide swiper-slide\"><figure><img loading=\"lazy\" decoding=\"async\" width=\"1024\" height=\"472\" alt=\"\" class=\"wp-block-jetpack-slideshow_image wp-image-347\" data-id=\"347\" src=\"https:\/\/lmc-17.fr\/wp-content\/uploads\/2024\/09\/cache_16192004-3.jpg\" srcset=\"https:\/\/lmc-17.fr\/wp-content\/uploads\/2024\/09\/cache_16192004-3.jpg 1024w, https:\/\/lmc-17.fr\/wp-content\/uploads\/2024\/09\/cache_16192004-3-300x138.jpg 300w, https:\/\/lmc-17.fr\/wp-content\/uploads\/2024\/09\/cache_16192004-3-768x354.jpg 768w, https:\/\/lmc-17.fr\/wp-content\/uploads\/2024\/09\/cache_16192004-3-200x92.jpg 200w\" sizes=\"(max-width: 1024px) 100vw, 1024px\" \/><\/figure><\/li><li class=\"wp-block-jetpack-slideshow_slide swiper-slide\"><figure><img loading=\"lazy\" decoding=\"async\" width=\"1024\" height=\"472\" alt=\"\" class=\"wp-block-jetpack-slideshow_image wp-image-348\" data-id=\"348\" src=\"https:\/\/lmc-17.fr\/wp-content\/uploads\/2024\/09\/cache_16192005-1.jpg\" srcset=\"https:\/\/lmc-17.fr\/wp-content\/uploads\/2024\/09\/cache_16192005-1.jpg 1024w, https:\/\/lmc-17.fr\/wp-content\/uploads\/2024\/09\/cache_16192005-1-300x138.jpg 300w, https:\/\/lmc-17.fr\/wp-content\/uploads\/2024\/09\/cache_16192005-1-768x354.jpg 768w, https:\/\/lmc-17.fr\/wp-content\/uploads\/2024\/09\/cache_16192005-1-200x92.jpg 200w\" sizes=\"(max-width: 1024px) 100vw, 1024px\" \/><\/figure><\/li><li class=\"wp-block-jetpack-slideshow_slide swiper-slide\"><figure><img loading=\"lazy\" decoding=\"async\" width=\"1024\" height=\"472\" alt=\"\" class=\"wp-block-jetpack-slideshow_image wp-image-349\" data-id=\"349\" src=\"https:\/\/lmc-17.fr\/wp-content\/uploads\/2024\/09\/cache_16192006-1.jpg\" srcset=\"https:\/\/lmc-17.fr\/wp-content\/uploads\/2024\/09\/cache_16192006-1.jpg 1024w, https:\/\/lmc-17.fr\/wp-content\/uploads\/2024\/09\/cache_16192006-1-300x138.jpg 300w, https:\/\/lmc-17.fr\/wp-content\/uploads\/2024\/09\/cache_16192006-1-768x354.jpg 768w, https:\/\/lmc-17.fr\/wp-content\/uploads\/2024\/09\/cache_16192006-1-200x92.jpg 200w\" sizes=\"(max-width: 1024px) 100vw, 1024px\" \/><\/figure><\/li><li class=\"wp-block-jetpack-slideshow_slide swiper-slide\"><figure><img loading=\"lazy\" decoding=\"async\" width=\"373\" height=\"280\" alt=\"\" class=\"wp-block-jetpack-slideshow_image wp-image-350\" data-id=\"350\" src=\"https:\/\/lmc-17.fr\/wp-content\/uploads\/2024\/09\/cache_16192007-1.jpg\" srcset=\"https:\/\/lmc-17.fr\/wp-content\/uploads\/2024\/09\/cache_16192007-1.jpg 373w, https:\/\/lmc-17.fr\/wp-content\/uploads\/2024\/09\/cache_16192007-1-300x225.jpg 300w, https:\/\/lmc-17.fr\/wp-content\/uploads\/2024\/09\/cache_16192007-1-200x150.jpg 200w\" sizes=\"(max-width: 373px) 100vw, 373px\" \/><\/figure><\/li><li class=\"wp-block-jetpack-slideshow_slide swiper-slide\"><figure><img loading=\"lazy\" decoding=\"async\" width=\"373\" height=\"280\" alt=\"\" class=\"wp-block-jetpack-slideshow_image wp-image-351\" data-id=\"351\" src=\"https:\/\/lmc-17.fr\/wp-content\/uploads\/2024\/09\/cache_16192008-1.jpg\" srcset=\"https:\/\/lmc-17.fr\/wp-content\/uploads\/2024\/09\/cache_16192008-1.jpg 373w, https:\/\/lmc-17.fr\/wp-content\/uploads\/2024\/09\/cache_16192008-1-300x225.jpg 300w, https:\/\/lmc-17.fr\/wp-content\/uploads\/2024\/09\/cache_16192008-1-200x150.jpg 200w\" sizes=\"(max-width: 373px) 100vw, 373px\" \/><\/figure><\/li><li class=\"wp-block-jetpack-slideshow_slide swiper-slide\"><figure><img loading=\"lazy\" decoding=\"async\" width=\"373\" height=\"280\" alt=\"\" class=\"wp-block-jetpack-slideshow_image wp-image-352\" data-id=\"352\" src=\"https:\/\/lmc-17.fr\/wp-content\/uploads\/2024\/09\/cache_16192009-1.jpg\" srcset=\"https:\/\/lmc-17.fr\/wp-content\/uploads\/2024\/09\/cache_16192009-1.jpg 373w, https:\/\/lmc-17.fr\/wp-content\/uploads\/2024\/09\/cache_16192009-1-300x225.jpg 300w, https:\/\/lmc-17.fr\/wp-content\/uploads\/2024\/09\/cache_16192009-1-200x150.jpg 200w\" sizes=\"(max-width: 373px) 100vw, 373px\" \/><\/figure><\/li><\/ul><a class=\"wp-block-jetpack-slideshow_button-prev swiper-button-prev swiper-button-white\" role=\"button\"><\/a><a class=\"wp-block-jetpack-slideshow_button-next swiper-button-next swiper-button-white\" role=\"button\"><\/a><a aria-label=\"Pause Slideshow\" class=\"wp-block-jetpack-slideshow_button-pause\" role=\"button\"><\/a><div class=\"wp-block-jetpack-slideshow_pagination swiper-pagination swiper-pagination-white\"><\/div><\/div><\/div>\n\n\n\n<p><\/p>\n","protected":false},"excerpt":{"rendered":"<p>Notre bourse du 18 f\u00e9vrier 2024 a connu un succ\u00e8s exceptionnel, le nombre d&rsquo;exposants a atteint un nouveau record et d\u00e9pass\u00e9 les 400 visiteurs. Le nombre de boursiers s&rsquo;est accru et a consacr\u00e9 la part croissante du \u00ab\u00a0ferroviaire\u00a0\u00bb.<\/p>\n","protected":false},"author":1,"featured_media":0,"parent":0,"menu_order":0,"comment_status":"closed","ping_status":"closed","template":"","meta":{"footnotes":""},"class_list":["post-306","page","type-page","status-publish","hentry"],"jetpack_sharing_enabled":true,"_links":{"self":[{"href":"https:\/\/lmc-17.fr\/index.php?rest_route=\/wp\/v2\/pages\/306","targetHints":{"allow":["GET"]}}],"collection":[{"href":"https:\/\/lmc-17.fr\/index.php?rest_route=\/wp\/v2\/pages"}],"about":[{"href":"https:\/\/lmc-17.fr\/index.php?rest_route=\/wp\/v2\/types\/page"}],"author":[{"embeddable":true,"href":"https:\/\/lmc-17.fr\/index.php?rest_route=\/wp\/v2\/users\/1"}],"replies":[{"embeddable":true,"href":"https:\/\/lmc-17.fr\/index.php?rest_route=%2Fwp%2Fv2%2Fcomments&post=306"}],"version-history":[{"count":11,"href":"https:\/\/lmc-17.fr\/index.php?rest_route=\/wp\/v2\/pages\/306\/revisions"}],"predecessor-version":[{"id":369,"href":"https:\/\/lmc-17.fr\/index.php?rest_route=\/wp\/v2\/pages\/306\/revisions\/369"}],"wp:attachment":[{"href":"https:\/\/lmc-17.fr\/index.php?rest_route=%2Fwp%2Fv2%2Fmedia&parent=306"}],"curies":[{"name":"wp","href":"https:\/\/api.w.org\/{rel}","templated":true}]}}